der when 44 is divided by c?
14
Calculate the remainder when 2/4 + 115/10 is divided by 12.
0
Calculate the remainder when (-4 - -2) + 6 + -11 + 3 + 7 is divided by (-1)/(-4) - 7/(-4).
1
Let b = 207 + -190. What is the remainder when 371 is divided by b?
14
What is the remainder when ((-272)/(-6)*(-153)/(-12))/2 is divided by 58?
57
What is the remainder when (-2764)/(-8) + 1/2 is divided by 89?
79
Suppose 4*j = -g + 17, -2*g + 90*j + 60 = 85*j. Let k = -4 - -6. Let i(a) = 8*a - 2. Calculate the remainder when g is divided by i(k).
11
Suppose -36*l + 34*l + 186 = 0. What is the remainder when l is divided by 48?
45
Let h(d) = 203*d**3 - 2*d + 2. Calculate the remainder when h(1) is divided by 64.
11
Let d(b) = -28*b - 1. Suppose -2*j = -3*w - 7, -3*w = -0*w - 3*j + 9. Let u(l) = -l - 1. What is the remainder when d(w) is divided by u(-8)?
6
Let a = 70 - 59. Suppose a = x - 8. Calculate the remainder when 74 is divided by x.
17
Let j(l) = -3 - l + 14*l**2 + 2 - 2*l + l. Let f be j(2). Suppose f = 5*x - 74. What is the remainder when 73 is divided by x?
23
Let u be -3 + 4 + -1*19*1. Let o(v) = v**2 + 17*v. Calculate the remainder when o(u) is divided by (11 - 1)*(-5)/(-10).
3
Let d(o) = 7*o - 4. Let a(k) = -8*k + 6. Let x(u) = 3*a(u) + 4*d(u). Let w = -3 + 9. What is the remainder when 51 is divided by x(w)?
25
Suppose -3*k + 130 = 5*n, 3*k = -2*n + 123 + 19. What is the remainder when (-2)/(-1) - k/(-5) is divided by 3?
0
Let a be 6/(-9) + (-2165)/15. Calculate the remainder when 9/6 - a/10 is divided by 7.
2
Suppose 15 = 2*m - 3. What is the remainder when 43 + (-6)/(-2)*-1 is divided by m?
4
Suppose -4*u = -c + 32, -29*c - 2*u = -28*c - 44. What is the remainder when c is divided by 24?
16
Let j(l) = 3*l**3 - 20*l**2 - 3*l + 42. What is the remainder when 415 is divided by j(7)?
65
Suppose 4*p + 3*r - 63 = 0, 0*r + 5*r + 15 = 0. Let q be (-35)/(-14)*6/5*1. What is the remainder when q - 4 - -5 - -29 is divided by p?
15
Suppose 2*i - w - 4*w = 494, i + 4*w = 247. What is the remainder when i is divided by 50?
47
Suppose -2*g + 2*k + 82 = 0, 0 = -g + 5*k + 33 + 12. Let x = -84 - -59. Let t = 39 + x. What is the remainder when g is divided by t?
12
Let v(f) = -f**3 + 11*f**2 - 25*f + 43. Calculate the remainder when 205 is divided by v(4).
40
Let q be (0 - (-2 - -1))*10. Suppose 0 = 2*r - 2*a + 6, 4*r = -r - a + 3. Suppose r = -q*w + 14*w - 116. What is the remainder when 86 is divided by w?
28
Suppose 10 = n - 6. Let w be ((-12)/9)/(25/(-12) + 2). Suppose w = 4*z - n. What is the remainder when 13 is divided by z?
5
Suppose 0 = 2*i - 13*i + 297. Calculate the remainder when 71 is divided by i.
17
Let m(k) be the third derivative of k**5/30 + 5*k**4/24 + k**3/2 + 18*k**2. What is the remainder when m(-2) is divided by 1?
0
Let b = -23 + 52. What is the remainder when 49 is divided by b?
20
Suppose 5*w - 57 = -t + 69, 79 = 3*w + 4*t. Calculate the remainder when 199 is divided by w.
24
Suppose 15 + 1 = -2*p. Let t(a) = -a + 4. What is the remainder when 44 is divided by t(p)?
8
Suppose 43 = 7*t - 20. What is the remainder when t is divided by 5?
4
Let i = 68 - 40. What is the remainder when 131 is divided by i?
19
Let g be (2/(-3))/((-2)/15). Suppose u + 66 = g*y, -4*u - 13 = -3*y + 13. Suppose y = b - 1. Calculate the remainder when 59 is divided by b.
14
Let h = -178 + 363. Suppose -10*v + 15*v = h. What is the remainder when v is divided by 8?
5
Suppose -3*l - 34 = 2*v, -15 = 5*l + 4*v - 9*v. Let j = 0 - l. What is the remainder when j is divided by 3/(-15) + (-78)/(-15)?
3
Let p be 2*6/(3 - 0). Suppose -2*l = 5*o - 24, 45 = p*o - 2*l + 15. Calculate the remainder when 99 is divided by (10/o)/(5/75).
24
Suppose -b = 3*b - 60. Calculate the remainder when 29 is divided by b.
14
Suppose 523 + 131 = -6*d. Let b = -92 - d. Calculate the remainder when b is divided by 9.
8
Suppose 3*b - 5*b = 3*v + 290, -120 = v - 4*b. Let g = -47 + -4. Let p = g - v. Calculate the remainder when p is divided by 25.
24
Let x(i) = i**2 + i + 5. Suppose 14*q - 16*q = 0. Let w be x(q). Suppose w*c = 3*t + 147, -4*t - 24 = -c + 2. What is the remainder when c is divided by 8?
6
Let r be (-1 - 0) + (1 - -3). Suppose -106 = -r*t - 37. What is the remainder when 66 is divided by t?
20
Suppose 4*y + 77 + 31 = 0. What is the remainder when 79 is divided by (-5 + 4)*y*1?
25
Let j = 185 + -95. Suppose -220*f = -215*f - 65. What is the remainder when j is divided by f?
12
Let a = -104 - -193. Let l = 16060 + -16037. Calculate the remainder when a is divided by l.
20
Let t = 179 + -45. Calculate the remainder when t is divided by (-1072)/(-40) - -7 - (-2)/10.
32
Let b = 415 + -413. Calculate the remainder when 2 is divided by b.
0
Let t(o) = 4*o**2 - 17*o. Calculate the remainder when 1/(-3) + 223/3 is divided by t(5).
14
Let o(u) = u**3 - u**2 - 20. Let t be o(0). Let y = t + 43. Suppose 0 = -4*m + 8 + 24. Calculate the remainder when y is divided by m.
7
Let y(n) = n**2 - 13*n - 40. What is the remainder when y(19) is divided by 13?
9
Let c(i) = -i**3 - 23*i**2 + 61*i - 76. Calculate the remainder when c(-26) is divided by 53.
48
Suppose 0 = -15*t + 77 + 13. Let q(o) = o + 1. Let b be q(1). Calculate the remainder when (b*-6)/(33/(-44)) is divided by t.
4
Let i be (-6)/((2/(-230))/(1/(-5))). Let f = i + 142. Calculate the remainder when 33 is divided by f.
1
Let k(v) = 9*v + 2. Suppose 3 = -3*n + 5*i + 48, 2*i = 2*n - 34. Calculate the remainder when k(4) is divided by n.
18
Suppose 0 = -3*t + 4*o + 98, 29*t - 28*t - 3*o = 31. Calculate the remainder when 134 is divided by t.
32
Let m = 737 + -582. Calculate the remainder when m is divided by 29.
10
Let y be 3 - (-2 - (0 + -3)). Let w(l) = 4*l + 3. Calculate the remainder when 52 is divided by w(y).
8
Suppose -20 = 4*p, -46 + 18 = -3*n + 2*p. Let q(x) = -x**3 + x**2 + 8*x + 2. Let k be q(n). What is the remainder when 16 is divided by 1/(-5) - k/25?
1
Calculate the remainder when 774 is divided by ((-7)/2)/(140/24 - 6).
18
Let h(k) = k**3 + 9*k**2 + 10*k - 4. What is the remainder when h(-5) is divided by 14?
4
Let g(s) = -6*s - 25. Suppose -3*o = -0*o + 57. What is the remainder when g(o) is divided by 23?
20
Suppose f + 4*f = 0. Let g(a) = a**2 - 5*a + 3. Let y be g(5). Suppose -2*i - 38 = -4*k - f*i, -5*i + 48 = y*k. What is the remainder when k is divided by 4?
3
Suppose 143 = 17*i + 41. What is the remainder when 123 is divided by i?
3
Let z = 6 - -5. Let w = 11 + z. Calculate the remainder when (3 - 22/(-2))*3 - 1 is divided by w.
19
Calculate the remainder when 154 is divided by (-1)/3*(-93)/1 + 0.
30
Let n(g) = -g**2 - 26*g - 98. Calculate the remainder when 31 is divided by n(-21).
3
Suppose 2*m = -4*m + 192. What is the remainder when 69 is divided by m?
5
Let c = 493 - 316. Calculate the remainder when c is divided by 15.
12
Suppose 0 = -m - 5*o - 15 - 7, -m - 16 = 2*o. Let r = m + 17. Suppose -q + f = -12, -r*q - 8*f + 90 = -3*f. What is the remainder when 29 is divided by q?
14
Let d(l) = 30*l**2 + 13*l - 12. Suppose 0 = 4*q - 0*q - 16. Suppose 0*x = -q*x + 32. What is the remainder when d(1) is divided by x?
7
Suppose 4*r + a - 2*a = 839, 3*a = r - 207. Calculate the remainder when r is divided by 107.
103
Let r be (-26 - -2)*(-2 - 7). Suppose -9*g = -11*g + r. Calculate the remainder when g is divided by 37.
34
Let a(m) = m**2 - 37*m - 27. What is the remainder when 453 is divided by a(39)?
45
Suppose -3*s + 3*h + 28 = -h, s + 3*h - 18 = 0. Let t = -823 - -857. What is the remainder when t is divided by s?
10
Suppose -3*q - l - 54 + 670 = 0, -5*l + 836 = 4*q. What is the remainder when q is divided by 9?
6
Suppose 4*n - 125 = -n. Suppose -2*p + 23 = -3. Let c = n - p. Calculate the remainder when 23 is divided by c.
11
Let d(t) = 8*t**3 + t + 1. Let u be d(-1). Suppose 2*s + 1 - 15 = 0. Calculate the remainder when s is divided by (u/10)/(2/(-10)).
3
Suppose -52 = 5*x - x. Let w = 19 + x. What is the remainder when 11 is divided by w?
5
Suppose -x - 2 = -3*x, 4*m + 2*x = 66. Calculate the remainder when 2527 is divided by m.
15
Let p(j) = j**2 - j. Let i(w) = 12*w**2 - 4*w + 5. Let t(a) = i(a) - 4*p(a). Calculate the remainder when 639/6*(-2)/(-3) is divided by t(2).
34
Suppose -4*c + 12 = 0, 14*d + 3*c - 